{"id":10794,"date":"2018-11-12T14:42:13","date_gmt":"2018-11-12T13:42:13","guid":{"rendered":"https:\/\/www.groupepayant.fr\/webshop\/?post_type=product&#038;p=10794"},"modified":"2025-02-25T11:18:37","modified_gmt":"2025-02-25T10:18:37","slug":"volvo-a60h-toys-kids-116","status":"publish","type":"product","link":"https:\/\/www.groupepayant.fr\/webshop\/produit\/volvo-a60h-toys-kids-116\/","title":{"rendered":"Volvo A60H TOYS KIDS 1:16"},"content":{"rendered":"","protected":false},"excerpt":{"rendered":"<p>Le temps est venu pour l&rsquo;amusement et le jeu ! Cr\u00e9ez votre propre site de construction ! Cette benne peut compter sur ses points forts.<br \/>\nTout comme la vraie, ce mod\u00e8le est dot\u00e9 d&rsquo;une\u00a0direction articul\u00e9e et de pneus massifs. Les jeunes conducteurs vont pouvoir charger et d\u00e9charger pour de vrai !<\/p>\n<p>D\u00e9tails :<br \/>\n&#8211; Panneau de toit pour la figure<br \/>\n&#8211; Benne basculante enti\u00e8rement fonctionnelle<br \/>\n&#8211; Offroad de direction articul\u00e9e<br \/>\n&#8211; Pneus ballon<br \/>\n&#8211; id\u00e9al pour jeu int\u00e9rieur et ext\u00e9rieur<\/p>\n<p>\u00c0 savoir :<br \/>\n&#8211; \u00c9chelle 1:16<br \/>\n&#8211; Recommand\u00e9 \u00e0 partir de 4 ans et plus<br \/>\n&#8211; Mat\u00e9riel : plastique<br \/>\n&#8211; Poids : 2,28 kg<\/p>\n","protected":false},"featured_media":13134,"comment_status":"closed","ping_status":"closed","template":"","meta":{"_monsterinsights_skip_tracking":false,"_monsterinsights_sitenote_active":false,"_monsterinsights_sitenote_note":"","_monsterinsights_sitenote_category":0},"product_brand":[1708],"product_cat":[645,266],"product_tag":[651,655,654,653,652,223],"class_list":{"0":"post-10794","1":"product","2":"type-product","3":"status-publish","4":"has-post-thumbnail","6":"product_brand-volvo","7":"product_cat-jouets","8":"product_cat-merchandising","9":"product_tag-a60h","10":"product_tag-benne","11":"product_tag-jeu","12":"product_tag-kids","13":"product_tag-toys","14":"product_tag-volvo","16":"first","17":"outofstock","18":"taxable","19":"shipping-taxable","20":"purchasable","21":"product-type-simple"},"yoast_head":"<!-- This site is optimized with the Yoast SEO plugin v27.1.1 - https:\/\/yoast.com\/product\/yoast-seo-wordpress\/ -->\n<title>Volvo A60H TOYS KIDS 1:16 - WEBSHOP Groupe PAYANT<\/title>\n<meta name=\"robots\" content=\"index, follow, max-snippet:-1, max-image-preview:large, max-video-preview:-1\" \/>\n<link rel=\"canonical\" href=\"https:\/\/www.groupepayant.fr\/webshop\/produit\/volvo-a60h-toys-kids-116\/\" \/>\n<meta property=\"og:locale\" content=\"fr_FR\" \/>\n<meta property=\"og:type\" content=\"article\" \/>\n<meta property=\"og:title\" content=\"Volvo A60H TOYS KIDS 1:16 - WEBSHOP Groupe PAYANT\" \/>\n<meta property=\"og:description\" content=\"Le temps est venu pour l&#039;amusement et le jeu ! Cr\u00e9ez votre propre site de construction ! Cette benne peut compter sur ses points forts. Tout comme la vraie, ce mod\u00e8le est dot\u00e9 d&#039;une\u00a0direction articul\u00e9e et de pneus massifs. Les jeunes conducteurs vont pouvoir charger et d\u00e9charger pour de vrai !  D\u00e9tails : - Panneau de toit pour la figure - Benne basculante enti\u00e8rement fonctionnelle - Offroad de direction articul\u00e9e - Pneus ballon - id\u00e9al pour jeu int\u00e9rieur et ext\u00e9rieur  \u00c0 savoir : - \u00c9chelle 1:16 - Recommand\u00e9 \u00e0 partir de 4 ans et plus - Mat\u00e9riel : plastique - Poids : 2,28 kg\" \/>\n<meta property=\"og:url\" content=\"https:\/\/www.groupepayant.fr\/webshop\/produit\/volvo-a60h-toys-kids-116\/\" \/>\n<meta property=\"og:site_name\" content=\"WEBSHOP Groupe PAYANT\" \/>\n<meta property=\"article:publisher\" content=\"https:\/\/www.facebook.com\/GroupePayant\/\" \/>\n<meta property=\"article:modified_time\" content=\"2025-02-25T10:18:37+00:00\" \/>\n<meta property=\"og:image\" content=\"https:\/\/www.groupepayant.fr\/webshop\/wp-content\/uploads\/2018\/11\/maquette-jouet-Tombereau-Volvo-A60H.jpg\" \/>\n\t<meta property=\"og:image:width\" content=\"600\" \/>\n\t<meta property=\"og:image:height\" content=\"600\" \/>\n\t<meta property=\"og:image:type\" content=\"image\/jpeg\" \/>\n<meta name=\"twitter:card\" content=\"summary_large_image\" \/>\n<meta name=\"twitter:label1\" content=\"Dur\u00e9e de lecture estim\u00e9e\" \/>\n\t<meta name=\"twitter:data1\" content=\"1 minute\" \/>\n<script type=\"application\/ld+json\" class=\"yoast-schema-graph\">{\"@context\":\"https:\/\/schema.org\",\"@graph\":[{\"@type\":\"WebPage\",\"@id\":\"https:\/\/www.groupepayant.fr\/webshop\/produit\/volvo-a60h-toys-kids-116\/\",\"url\":\"https:\/\/www.groupepayant.fr\/webshop\/produit\/volvo-a60h-toys-kids-116\/\",\"name\":\"Volvo A60H TOYS KIDS 1:16 - WEBSHOP Groupe PAYANT\",\"isPartOf\":{\"@id\":\"https:\/\/www.groupepayant.fr\/webshop\/#website\"},\"primaryImageOfPage\":{\"@id\":\"https:\/\/www.groupepayant.fr\/webshop\/produit\/volvo-a60h-toys-kids-116\/#primaryimage\"},\"image\":{\"@id\":\"https:\/\/www.groupepayant.fr\/webshop\/produit\/volvo-a60h-toys-kids-116\/#primaryimage\"},\"thumbnailUrl\":\"https:\/\/www.groupepayant.fr\/webshop\/wp-content\/uploads\/2018\/11\/maquette-jouet-Tombereau-Volvo-A60H.jpg\",\"datePublished\":\"2018-11-12T13:42:13+00:00\",\"dateModified\":\"2025-02-25T10:18:37+00:00\",\"breadcrumb\":{\"@id\":\"https:\/\/www.groupepayant.fr\/webshop\/produit\/volvo-a60h-toys-kids-116\/#breadcrumb\"},\"inLanguage\":\"fr-FR\",\"potentialAction\":[{\"@type\":\"ReadAction\",\"target\":[\"https:\/\/www.groupepayant.fr\/webshop\/produit\/volvo-a60h-toys-kids-116\/\"]}]},{\"@type\":\"ImageObject\",\"inLanguage\":\"fr-FR\",\"@id\":\"https:\/\/www.groupepayant.fr\/webshop\/produit\/volvo-a60h-toys-kids-116\/#primaryimage\",\"url\":\"https:\/\/www.groupepayant.fr\/webshop\/wp-content\/uploads\/2018\/11\/maquette-jouet-Tombereau-Volvo-A60H.jpg\",\"contentUrl\":\"https:\/\/www.groupepayant.fr\/webshop\/wp-content\/uploads\/2018\/11\/maquette-jouet-Tombereau-Volvo-A60H.jpg\",\"width\":600,\"height\":600,\"caption\":\"Maquette jouet Tombereau Volvo A60H\"},{\"@type\":\"BreadcrumbList\",\"@id\":\"https:\/\/www.groupepayant.fr\/webshop\/produit\/volvo-a60h-toys-kids-116\/#breadcrumb\",\"itemListElement\":[{\"@type\":\"ListItem\",\"position\":1,\"name\":\"Accueil\",\"item\":\"https:\/\/www.groupepayant.fr\/webshop\/\"},{\"@type\":\"ListItem\",\"position\":2,\"name\":\"Webshop\",\"item\":\"https:\/\/www.groupepayant.fr\/webshop\/shop\/\"},{\"@type\":\"ListItem\",\"position\":3,\"name\":\"Volvo A60H TOYS KIDS 1:16\"}]},{\"@type\":\"WebSite\",\"@id\":\"https:\/\/www.groupepayant.fr\/webshop\/#website\",\"url\":\"https:\/\/www.groupepayant.fr\/webshop\/\",\"name\":\"WEBSHOP Groupe PAYANT\",\"description\":\"\",\"publisher\":{\"@id\":\"https:\/\/www.groupepayant.fr\/webshop\/#organization\"},\"potentialAction\":[{\"@type\":\"SearchAction\",\"target\":{\"@type\":\"EntryPoint\",\"urlTemplate\":\"https:\/\/www.groupepayant.fr\/webshop\/?s={search_term_string}\"},\"query-input\":{\"@type\":\"PropertyValueSpecification\",\"valueRequired\":true,\"valueName\":\"search_term_string\"}}],\"inLanguage\":\"fr-FR\"},{\"@type\":\"Organization\",\"@id\":\"https:\/\/www.groupepayant.fr\/webshop\/#organization\",\"name\":\"Webshop Groupe PAYANT\",\"url\":\"https:\/\/www.groupepayant.fr\/webshop\/\",\"logo\":{\"@type\":\"ImageObject\",\"inLanguage\":\"fr-FR\",\"@id\":\"https:\/\/www.groupepayant.fr\/webshop\/#\/schema\/logo\/image\/\",\"url\":\"\",\"contentUrl\":\"\",\"caption\":\"Webshop Groupe PAYANT\"},\"image\":{\"@id\":\"https:\/\/www.groupepayant.fr\/webshop\/#\/schema\/logo\/image\/\"},\"sameAs\":[\"https:\/\/www.facebook.com\/GroupePayant\/\",\"https:\/\/www.linkedin.com\/company\/groupe-payant\/\",\"https:\/\/www.youtube.com\/c\/GroupePAYANT\",\"https:\/\/www.instagram.com\/groupepayant\/\"]}]}<\/script>\n<!-- \/ Yoast SEO plugin. -->","yoast_head_json":{"title":"Volvo A60H TOYS KIDS 1:16 - WEBSHOP Groupe PAYANT","robots":{"index":"index","follow":"follow","max-snippet":"max-snippet:-1","max-image-preview":"max-image-preview:large","max-video-preview":"max-video-preview:-1"},"canonical":"https:\/\/www.groupepayant.fr\/webshop\/produit\/volvo-a60h-toys-kids-116\/","og_locale":"fr_FR","og_type":"article","og_title":"Volvo A60H TOYS KIDS 1:16 - WEBSHOP Groupe PAYANT","og_description":"Le temps est venu pour l'amusement et le jeu ! Cr\u00e9ez votre propre site de construction ! Cette benne peut compter sur ses points forts. Tout comme la vraie, ce mod\u00e8le est dot\u00e9 d'une\u00a0direction articul\u00e9e et de pneus massifs. Les jeunes conducteurs vont pouvoir charger et d\u00e9charger pour de vrai !  D\u00e9tails : - Panneau de toit pour la figure - Benne basculante enti\u00e8rement fonctionnelle - Offroad de direction articul\u00e9e - Pneus ballon - id\u00e9al pour jeu int\u00e9rieur et ext\u00e9rieur  \u00c0 savoir : - \u00c9chelle 1:16 - Recommand\u00e9 \u00e0 partir de 4 ans et plus - Mat\u00e9riel : plastique - Poids : 2,28 kg","og_url":"https:\/\/www.groupepayant.fr\/webshop\/produit\/volvo-a60h-toys-kids-116\/","og_site_name":"WEBSHOP Groupe PAYANT","article_publisher":"https:\/\/www.facebook.com\/GroupePayant\/","article_modified_time":"2025-02-25T10:18:37+00:00","og_image":[{"width":600,"height":600,"url":"https:\/\/www.groupepayant.fr\/webshop\/wp-content\/uploads\/2018\/11\/maquette-jouet-Tombereau-Volvo-A60H.jpg","type":"image\/jpeg"}],"twitter_card":"summary_large_image","twitter_misc":{"Dur\u00e9e de lecture estim\u00e9e":"1 minute"},"schema":{"@context":"https:\/\/schema.org","@graph":[{"@type":"WebPage","@id":"https:\/\/www.groupepayant.fr\/webshop\/produit\/volvo-a60h-toys-kids-116\/","url":"https:\/\/www.groupepayant.fr\/webshop\/produit\/volvo-a60h-toys-kids-116\/","name":"Volvo A60H TOYS KIDS 1:16 - WEBSHOP Groupe PAYANT","isPartOf":{"@id":"https:\/\/www.groupepayant.fr\/webshop\/#website"},"primaryImageOfPage":{"@id":"https:\/\/www.groupepayant.fr\/webshop\/produit\/volvo-a60h-toys-kids-116\/#primaryimage"},"image":{"@id":"https:\/\/www.groupepayant.fr\/webshop\/produit\/volvo-a60h-toys-kids-116\/#primaryimage"},"thumbnailUrl":"https:\/\/www.groupepayant.fr\/webshop\/wp-content\/uploads\/2018\/11\/maquette-jouet-Tombereau-Volvo-A60H.jpg","datePublished":"2018-11-12T13:42:13+00:00","dateModified":"2025-02-25T10:18:37+00:00","breadcrumb":{"@id":"https:\/\/www.groupepayant.fr\/webshop\/produit\/volvo-a60h-toys-kids-116\/#breadcrumb"},"inLanguage":"fr-FR","potentialAction":[{"@type":"ReadAction","target":["https:\/\/www.groupepayant.fr\/webshop\/produit\/volvo-a60h-toys-kids-116\/"]}]},{"@type":"ImageObject","inLanguage":"fr-FR","@id":"https:\/\/www.groupepayant.fr\/webshop\/produit\/volvo-a60h-toys-kids-116\/#primaryimage","url":"https:\/\/www.groupepayant.fr\/webshop\/wp-content\/uploads\/2018\/11\/maquette-jouet-Tombereau-Volvo-A60H.jpg","contentUrl":"https:\/\/www.groupepayant.fr\/webshop\/wp-content\/uploads\/2018\/11\/maquette-jouet-Tombereau-Volvo-A60H.jpg","width":600,"height":600,"caption":"Maquette jouet Tombereau Volvo A60H"},{"@type":"BreadcrumbList","@id":"https:\/\/www.groupepayant.fr\/webshop\/produit\/volvo-a60h-toys-kids-116\/#breadcrumb","itemListElement":[{"@type":"ListItem","position":1,"name":"Accueil","item":"https:\/\/www.groupepayant.fr\/webshop\/"},{"@type":"ListItem","position":2,"name":"Webshop","item":"https:\/\/www.groupepayant.fr\/webshop\/shop\/"},{"@type":"ListItem","position":3,"name":"Volvo A60H TOYS KIDS 1:16"}]},{"@type":"WebSite","@id":"https:\/\/www.groupepayant.fr\/webshop\/#website","url":"https:\/\/www.groupepayant.fr\/webshop\/","name":"WEBSHOP Groupe PAYANT","description":"","publisher":{"@id":"https:\/\/www.groupepayant.fr\/webshop\/#organization"},"potentialAction":[{"@type":"SearchAction","target":{"@type":"EntryPoint","urlTemplate":"https:\/\/www.groupepayant.fr\/webshop\/?s={search_term_string}"},"query-input":{"@type":"PropertyValueSpecification","valueRequired":true,"valueName":"search_term_string"}}],"inLanguage":"fr-FR"},{"@type":"Organization","@id":"https:\/\/www.groupepayant.fr\/webshop\/#organization","name":"Webshop Groupe PAYANT","url":"https:\/\/www.groupepayant.fr\/webshop\/","logo":{"@type":"ImageObject","inLanguage":"fr-FR","@id":"https:\/\/www.groupepayant.fr\/webshop\/#\/schema\/logo\/image\/","url":"","contentUrl":"","caption":"Webshop Groupe PAYANT"},"image":{"@id":"https:\/\/www.groupepayant.fr\/webshop\/#\/schema\/logo\/image\/"},"sameAs":["https:\/\/www.facebook.com\/GroupePayant\/","https:\/\/www.linkedin.com\/company\/groupe-payant\/","https:\/\/www.youtube.com\/c\/GroupePAYANT","https:\/\/www.instagram.com\/groupepayant\/"]}]}},"builder_content":"","_links":{"self":[{"href":"https:\/\/www.groupepayant.fr\/webshop\/wp-json\/wp\/v2\/product\/10794","targetHints":{"allow":["GET"]}}],"collection":[{"href":"https:\/\/www.groupepayant.fr\/webshop\/wp-json\/wp\/v2\/product"}],"about":[{"href":"https:\/\/www.groupepayant.fr\/webshop\/wp-json\/wp\/v2\/types\/product"}],"replies":[{"embeddable":true,"href":"https:\/\/www.groupepayant.fr\/webshop\/wp-json\/wp\/v2\/comments?post=10794"}],"wp:featuredmedia":[{"embeddable":true,"href":"https:\/\/www.groupepayant.fr\/webshop\/wp-json\/wp\/v2\/media\/13134"}],"wp:attachment":[{"href":"https:\/\/www.groupepayant.fr\/webshop\/wp-json\/wp\/v2\/media?parent=10794"}],"wp:term":[{"taxonomy":"product_brand","embeddable":true,"href":"https:\/\/www.groupepayant.fr\/webshop\/wp-json\/wp\/v2\/product_brand?post=10794"},{"taxonomy":"product_cat","embeddable":true,"href":"https:\/\/www.groupepayant.fr\/webshop\/wp-json\/wp\/v2\/product_cat?post=10794"},{"taxonomy":"product_tag","embeddable":true,"href":"https:\/\/www.groupepayant.fr\/webshop\/wp-json\/wp\/v2\/product_tag?post=10794"}],"curies":[{"name":"wp","href":"https:\/\/api.w.org\/{rel}","templated":true}]}}