{"id":14813,"date":"2020-09-01T17:56:51","date_gmt":"2020-09-01T15:56:51","guid":{"rendered":"https:\/\/www.groupepayant.fr\/webshop\/?post_type=product&#038;p=14813"},"modified":"2026-04-28T08:16:31","modified_gmt":"2026-04-28T06:16:31","slug":"huile-haute-performance-total-208l-rubia-works-4000-10w30-vds4-5","status":"publish","type":"product","link":"https:\/\/www.groupepayant.fr\/webshop\/produit\/huile-haute-performance-total-208l-rubia-works-4000-10w30-vds4-5\/","title":{"rendered":"Huile Haute Performance Total, 208L, Rubia Works 4000 10W30 VDS4.5"},"content":{"rendered":"<p><strong>TOTAL RUBIA WORKS 4000 FE 10W-30<\/strong> est particuli\u00e8rement adapt\u00e9 aux moteurs utilis\u00e9s dans les activit\u00e9s non-routi\u00e8res (carri\u00e8res, construction, exploitation mini\u00e8re&#8230;) qui demandent le niveau API CK-4 ou CJ-4.<\/p>\n<p>De plus, gr\u00e2ce \u00e0 ses nombreuses homologations, il peut \u00e9galement \u00eatre utilis\u00e9 dans les moteurs des camions routiers. Ce lubrifiant est plus g\u00e9n\u00e9ralement d\u00e9di\u00e9 aux moteurs ayant \u00e0 fonctionner pendant de longues p\u00e9riodes de pleine charge ou en phases d\u2019acc\u00e9l\u00e9ration et de ralenti r\u00e9p\u00e9t\u00e9es, dans des ambiances poussi\u00e9reuses et chaudes.<\/p>\n<p><strong>TOTAL RUBIA WORKS 4000 FE 10W-30<\/strong> est recommand\u00e9 pour les moteurs \u00e9quip\u00e9s d&rsquo;un syst\u00e8me de post-traitement des gaz d&rsquo;\u00e9chappement conforme \u00e0 la norme EURO Stage V (ou US EPA Tier 4F)<\/p>\n<p><strong> TOTAL RUBIA WORKS 4000 FE 10W-30<\/strong> est particuli\u00e8rement adapt\u00e9 aux moteurs am\u00e9ricains, europ\u00e9ens et japonais.<\/p>\n<p><strong>Voir la fiche technique : <a href=\"https:\/\/www.groupepayant.fr\/pdfs\/total\/RUBIA-WORKS-4000-FE-10W30-ADS4.5.pdf\">Cliquer ici <\/a><\/strong><\/p>\n<!--themify_builder_content-->\n<div id=\"themify_builder_content-14813\" data-postid=\"14813\" class=\"themify_builder_content themify_builder_content-14813 themify_builder tf_clear\">\n                    <div  data-css_id=\"rdhg224\" data-lazy=\"1\" class=\"module_row themify_builder_row fullwidth tb_rdhg224 tb_first tf_w\">\n                        <div class=\"row_inner col_align_top tb_col_count_1 tf_box tf_rel\">\n                        <div  data-lazy=\"1\" class=\"module_column tb-column col-full tb_q1mr224 first\">\n                    <!-- module text -->\n<div  class=\"module module-text tb_dz5w224   \" data-lazy=\"1\">\n        <div  class=\"tb_text_wrap\">\n        <h2 style=\"margin-bottom: 0px; text-align: left;\">BESOIN D&rsquo;AUTRES PI\u00c8CES&nbsp;?<\/h2>\n    <\/div>\n<\/div>\n<!-- \/module text -->        <div  data-lazy=\"1\" class=\"module_subrow themify_builder_sub_row tf_w col_align_top tb_col_count_1 tb_cxjw224\">\n                <div  data-lazy=\"1\" class=\"module_column sub_column col-full tb_1o2l224 first\">\n                    <!-- module text -->\n<div  class=\"module module-text tb_qsjx224   \" data-lazy=\"1\">\n        <div  class=\"tb_text_wrap\">\n        <p style=\"margin-bottom: 10px; text-align: center;\"><strong>Vous n&rsquo;avez pas trouv\u00e9 la pi\u00e8ce qu&rsquo;il vous faut sur notre webshop&nbsp;? Nous avons de nombreuses r\u00e9f\u00e9rences en stock, n&rsquo;h\u00e9sitez pas \u00e0 nous contacter&nbsp;!<\/strong><\/p>\n    <\/div>\n<\/div>\n<!-- \/module text --><!-- module buttons -->\n<div  class=\"module module-buttons tb_l9wh224 buttons-horizontal solid  large squared\" data-lazy=\"1\">\n        <div class=\"module-buttons-item tf_in_flx\">\n                        <a href=\"https:\/\/www.groupepayant.fr\/service-magasins-pieces\/\" class=\"ui builder_button tf_in_flx purple\" >\n                                                Contacter un magasin                                        <em><svg  class=\"tf_fa tf-fas-arrow-right\" aria-hidden=\"true\"><use href=\"#tf-fas-arrow-right\"><\/use><\/svg><\/em>                            <\/a>\n                <\/div>\n            <\/div>\n<!-- \/module buttons -->\n<!-- module image -->\n<div  class=\"module module-image tb_hhnl224 image-center   tf_mw\" data-lazy=\"1\">\n        <div class=\"image-wrap tf_rel tf_mw\">\n            <a href=\"https:\/\/www.groupepayant.fr\/service-magasins-pieces\/\">\n                   <img loading=\"lazy\" decoding=\"async\" width=\"1920\" height=\"600\" src=\"https:\/\/www.groupepayant.fr\/webshop\/wp-content\/uploads\/2026\/01\/service-magasin-groupe-payant.webp\" class=\"wp-post-image wp-image-26080\" title=\"Service magasins\/pi\u00e8ces - Groupe PAYANT\" alt=\"Service magasins\/pi\u00e8ces - Groupe PAYANT\" srcset=\"https:\/\/www.groupepayant.fr\/webshop\/wp-content\/uploads\/2026\/01\/service-magasin-groupe-payant.webp 1920w, https:\/\/www.groupepayant.fr\/webshop\/wp-content\/uploads\/2026\/01\/service-magasin-groupe-payant-300x94.webp 300w, https:\/\/www.groupepayant.fr\/webshop\/wp-content\/uploads\/2026\/01\/service-magasin-groupe-payant-1024x320.webp 1024w, https:\/\/www.groupepayant.fr\/webshop\/wp-content\/uploads\/2026\/01\/service-magasin-groupe-payant-768x240.webp 768w, https:\/\/www.groupepayant.fr\/webshop\/wp-content\/uploads\/2026\/01\/service-magasin-groupe-payant-1536x480.webp 1536w\" sizes=\"auto, (max-width: 1920px) 100vw, 1920px\" \/>        <\/a>\n    \n        <\/div>\n    <!-- \/image-wrap -->\n    \n        <\/div>\n<!-- \/module image -->        <\/div>\n                    <\/div>\n                <\/div>\n                        <\/div>\n        <\/div>\n        <\/div>\n<!--\/themify_builder_content-->","protected":false},"excerpt":{"rendered":"<p><strong>TOTAL RUBIA WORKS 4000 FE 10W-30<\/strong> pr\u00e9sente une excellente stabilit\u00e9 thermique assurant une lubrification efficace des pi\u00e8ces chaudes du moteur pendant de longues et s\u00e9v\u00e8res p\u00e9riodes de travail.<\/p>\n<p>La r\u00e9sistance \u00e0 l\u2019oxydation de<strong> TOTAL RUBIA WORKS 4000 FE 10W-30<\/strong> a \u00e9t\u00e9 sp\u00e9cialement renforc\u00e9e (bien plus \u00e9lev\u00e9e que celle du simple niveau API CK-4), permettant \u00e0 l&rsquo;utilisateur d&rsquo;atteindre l\u2019espacement des vidanges maxi recommand\u00e9 par les constructeurs dans des conditions de travail difficiles avec une mauvaise qualit\u00e9 de carburant ou avec du biodiesel.<\/p>\n<p>De plus, son grade de viscosit\u00e9 10W-30 permet \u00e0 l\u2019utilisateur de faire d\u00e9marrer ses moteurs par des temp\u00e9ratures tr\u00e8s basses. Elle lui apporte \u00e9galement une \u00e9conomie de carburant non n\u00e9gligeable (jusqu\u2019\u00e0 2.0 % dans certains engins). La formulation sp\u00e9cifique \u00abLow-SAPS\u00bb de<strong> TOTAL RUBIA WORKS 4000 FE 10W-30<\/strong> aide \u00e0 pr\u00e9venir le colmatage du filtre \u00e0 particules (FAP) et prolonge la durabilit\u00e9 du syst\u00e8me de post-traitement.<\/p>\n<p><strong>Voir la fiche technique : <a href=\"https:\/\/www.groupepayant.fr\/pdfs\/total\/RUBIA-WORKS-4000-FE-10W30-ADS4.5.pdf\">Cliquer ici <\/a><\/strong><\/p>\n","protected":false},"featured_media":14820,"comment_status":"closed","ping_status":"closed","template":"","meta":{"_monsterinsights_skip_tracking":false,"_monsterinsights_sitenote_active":false,"_monsterinsights_sitenote_note":"","_monsterinsights_sitenote_category":0},"product_brand":[1729],"product_cat":[1142,360],"product_tag":[526,521,940,713,519,518,522,513,941],"class_list":{"0":"post-14813","1":"product","2":"type-product","3":"status-publish","4":"has-post-thumbnail","6":"product_brand-total","7":"product_cat-huiles","8":"product_cat-lubrifiants","9":"product_tag-10w30","10":"product_tag-208l","11":"product_tag-5-work4000","12":"product_tag-fut","13":"product_tag-haute-performance","14":"product_tag-huile","15":"product_tag-rubia","16":"product_tag-total","17":"product_tag-vds4-5","19":"first","20":"instock","21":"taxable","22":"shipping-taxable","23":"purchasable","24":"product-type-simple"},"yoast_head":"<!-- This site is optimized with the Yoast SEO plugin v27.1.1 - https:\/\/yoast.com\/product\/yoast-seo-wordpress\/ -->\n<title>Huile Haute Performance Total, 208L, Rubia Works 4000 10W30 VDS4.5 - WEBSHOP Groupe PAYANT<\/title>\n<meta name=\"robots\" content=\"index, follow, max-snippet:-1, max-image-preview:large, max-video-preview:-1\" \/>\n<link rel=\"canonical\" href=\"https:\/\/www.groupepayant.fr\/webshop\/produit\/huile-haute-performance-total-208l-rubia-works-4000-10w30-vds4-5\/\" \/>\n<meta property=\"og:locale\" content=\"fr_FR\" \/>\n<meta property=\"og:type\" content=\"article\" \/>\n<meta property=\"og:title\" content=\"Huile Haute Performance Total, 208L, Rubia Works 4000 10W30 VDS4.5 - WEBSHOP Groupe PAYANT\" \/>\n<meta property=\"og:description\" content=\"TOTAL RUBIA WORKS 4000 FE 10W-30 pr\u00e9sente une excellente stabilit\u00e9 thermique assurant une lubrification efficace des pi\u00e8ces chaudes du moteur pendant de longues et s\u00e9v\u00e8res p\u00e9riodes de travail.  La r\u00e9sistance \u00e0 l\u2019oxydation de TOTAL RUBIA WORKS 4000 FE 10W-30 a \u00e9t\u00e9 sp\u00e9cialement renforc\u00e9e (bien plus \u00e9lev\u00e9e que celle du simple niveau API CK-4), permettant \u00e0 l&#039;utilisateur d&#039;atteindre l\u2019espacement des vidanges maxi recommand\u00e9 par les constructeurs dans des conditions de travail difficiles avec une mauvaise qualit\u00e9 de carburant ou avec du biodiesel.  De plus, son grade de viscosit\u00e9 10W-30 permet \u00e0 l\u2019utilisateur de faire d\u00e9marrer ses moteurs par des temp\u00e9ratures tr\u00e8s basses. Elle lui apporte \u00e9galement une \u00e9conomie de carburant non n\u00e9gligeable (jusqu\u2019\u00e0 2.0 % dans certains engins). La formulation sp\u00e9cifique \u00abLow-SAPS\u00bb de TOTAL RUBIA WORKS 4000 FE 10W-30 aide \u00e0 pr\u00e9venir le colmatage du filtre \u00e0 particules (FAP) et prolonge la durabilit\u00e9 du syst\u00e8me de post-traitement.  Voir la fiche technique : Cliquer ici\" \/>\n<meta property=\"og:url\" content=\"https:\/\/www.groupepayant.fr\/webshop\/produit\/huile-haute-performance-total-208l-rubia-works-4000-10w30-vds4-5\/\" \/>\n<meta property=\"og:site_name\" content=\"WEBSHOP Groupe PAYANT\" \/>\n<meta property=\"article:publisher\" content=\"https:\/\/www.facebook.com\/GroupePayant\/\" \/>\n<meta property=\"article:modified_time\" content=\"2026-04-28T06:16:31+00:00\" \/>\n<meta property=\"og:image\" content=\"https:\/\/www.groupepayant.fr\/webshop\/wp-content\/uploads\/2020\/09\/Huile-Haute-Performance-Total-208L-Rubia-Works-4000-10W30-VDS4.5.jpg\" \/>\n\t<meta property=\"og:image:width\" content=\"600\" \/>\n\t<meta property=\"og:image:height\" content=\"600\" \/>\n\t<meta property=\"og:image:type\" content=\"image\/jpeg\" \/>\n<meta name=\"twitter:card\" content=\"summary_large_image\" \/>\n<meta name=\"twitter:label1\" content=\"Dur\u00e9e de lecture estim\u00e9e\" \/>\n\t<meta name=\"twitter:data1\" content=\"1 minute\" \/>\n<script type=\"application\/ld+json\" class=\"yoast-schema-graph\">{\"@context\":\"https:\/\/schema.org\",\"@graph\":[{\"@type\":\"WebPage\",\"@id\":\"https:\/\/www.groupepayant.fr\/webshop\/produit\/huile-haute-performance-total-208l-rubia-works-4000-10w30-vds4-5\/\",\"url\":\"https:\/\/www.groupepayant.fr\/webshop\/produit\/huile-haute-performance-total-208l-rubia-works-4000-10w30-vds4-5\/\",\"name\":\"Huile Haute Performance Total, 208L, Rubia Works 4000 10W30 VDS4.5 - WEBSHOP Groupe PAYANT\",\"isPartOf\":{\"@id\":\"https:\/\/www.groupepayant.fr\/webshop\/#website\"},\"primaryImageOfPage\":{\"@id\":\"https:\/\/www.groupepayant.fr\/webshop\/produit\/huile-haute-performance-total-208l-rubia-works-4000-10w30-vds4-5\/#primaryimage\"},\"image\":{\"@id\":\"https:\/\/www.groupepayant.fr\/webshop\/produit\/huile-haute-performance-total-208l-rubia-works-4000-10w30-vds4-5\/#primaryimage\"},\"thumbnailUrl\":\"https:\/\/www.groupepayant.fr\/webshop\/wp-content\/uploads\/2020\/09\/Huile-Haute-Performance-Total-208L-Rubia-Works-4000-10W30-VDS4.5.jpg\",\"datePublished\":\"2020-09-01T15:56:51+00:00\",\"dateModified\":\"2026-04-28T06:16:31+00:00\",\"breadcrumb\":{\"@id\":\"https:\/\/www.groupepayant.fr\/webshop\/produit\/huile-haute-performance-total-208l-rubia-works-4000-10w30-vds4-5\/#breadcrumb\"},\"inLanguage\":\"fr-FR\",\"potentialAction\":[{\"@type\":\"ReadAction\",\"target\":[\"https:\/\/www.groupepayant.fr\/webshop\/produit\/huile-haute-performance-total-208l-rubia-works-4000-10w30-vds4-5\/\"]}]},{\"@type\":\"ImageObject\",\"inLanguage\":\"fr-FR\",\"@id\":\"https:\/\/www.groupepayant.fr\/webshop\/produit\/huile-haute-performance-total-208l-rubia-works-4000-10w30-vds4-5\/#primaryimage\",\"url\":\"https:\/\/www.groupepayant.fr\/webshop\/wp-content\/uploads\/2020\/09\/Huile-Haute-Performance-Total-208L-Rubia-Works-4000-10W30-VDS4.5.jpg\",\"contentUrl\":\"https:\/\/www.groupepayant.fr\/webshop\/wp-content\/uploads\/2020\/09\/Huile-Haute-Performance-Total-208L-Rubia-Works-4000-10W30-VDS4.5.jpg\",\"width\":600,\"height\":600,\"caption\":\"Huile Haute Performance Total 208L Rubia Works 4000 10W30 VDS4.5\"},{\"@type\":\"BreadcrumbList\",\"@id\":\"https:\/\/www.groupepayant.fr\/webshop\/produit\/huile-haute-performance-total-208l-rubia-works-4000-10w30-vds4-5\/#breadcrumb\",\"itemListElement\":[{\"@type\":\"ListItem\",\"position\":1,\"name\":\"Accueil\",\"item\":\"https:\/\/www.groupepayant.fr\/webshop\/\"},{\"@type\":\"ListItem\",\"position\":2,\"name\":\"Webshop\",\"item\":\"https:\/\/www.groupepayant.fr\/webshop\/shop\/\"},{\"@type\":\"ListItem\",\"position\":3,\"name\":\"Huile Haute Performance Total, 208L, Rubia Works 4000 10W30 VDS4.5\"}]},{\"@type\":\"WebSite\",\"@id\":\"https:\/\/www.groupepayant.fr\/webshop\/#website\",\"url\":\"https:\/\/www.groupepayant.fr\/webshop\/\",\"name\":\"WEBSHOP Groupe PAYANT\",\"description\":\"\",\"publisher\":{\"@id\":\"https:\/\/www.groupepayant.fr\/webshop\/#organization\"},\"potentialAction\":[{\"@type\":\"SearchAction\",\"target\":{\"@type\":\"EntryPoint\",\"urlTemplate\":\"https:\/\/www.groupepayant.fr\/webshop\/?s={search_term_string}\"},\"query-input\":{\"@type\":\"PropertyValueSpecification\",\"valueRequired\":true,\"valueName\":\"search_term_string\"}}],\"inLanguage\":\"fr-FR\"},{\"@type\":\"Organization\",\"@id\":\"https:\/\/www.groupepayant.fr\/webshop\/#organization\",\"name\":\"Webshop Groupe PAYANT\",\"url\":\"https:\/\/www.groupepayant.fr\/webshop\/\",\"logo\":{\"@type\":\"ImageObject\",\"inLanguage\":\"fr-FR\",\"@id\":\"https:\/\/www.groupepayant.fr\/webshop\/#\/schema\/logo\/image\/\",\"url\":\"\",\"contentUrl\":\"\",\"caption\":\"Webshop Groupe PAYANT\"},\"image\":{\"@id\":\"https:\/\/www.groupepayant.fr\/webshop\/#\/schema\/logo\/image\/\"},\"sameAs\":[\"https:\/\/www.facebook.com\/GroupePayant\/\",\"https:\/\/www.linkedin.com\/company\/groupe-payant\/\",\"https:\/\/www.youtube.com\/c\/GroupePAYANT\",\"https:\/\/www.instagram.com\/groupepayant\/\"]}]}<\/script>\n<!-- \/ Yoast SEO plugin. -->","yoast_head_json":{"title":"Huile Haute Performance Total, 208L, Rubia Works 4000 10W30 VDS4.5 - WEBSHOP Groupe PAYANT","robots":{"index":"index","follow":"follow","max-snippet":"max-snippet:-1","max-image-preview":"max-image-preview:large","max-video-preview":"max-video-preview:-1"},"canonical":"https:\/\/www.groupepayant.fr\/webshop\/produit\/huile-haute-performance-total-208l-rubia-works-4000-10w30-vds4-5\/","og_locale":"fr_FR","og_type":"article","og_title":"Huile Haute Performance Total, 208L, Rubia Works 4000 10W30 VDS4.5 - WEBSHOP Groupe PAYANT","og_description":"TOTAL RUBIA WORKS 4000 FE 10W-30 pr\u00e9sente une excellente stabilit\u00e9 thermique assurant une lubrification efficace des pi\u00e8ces chaudes du moteur pendant de longues et s\u00e9v\u00e8res p\u00e9riodes de travail.  La r\u00e9sistance \u00e0 l\u2019oxydation de TOTAL RUBIA WORKS 4000 FE 10W-30 a \u00e9t\u00e9 sp\u00e9cialement renforc\u00e9e (bien plus \u00e9lev\u00e9e que celle du simple niveau API CK-4), permettant \u00e0 l'utilisateur d'atteindre l\u2019espacement des vidanges maxi recommand\u00e9 par les constructeurs dans des conditions de travail difficiles avec une mauvaise qualit\u00e9 de carburant ou avec du biodiesel.  De plus, son grade de viscosit\u00e9 10W-30 permet \u00e0 l\u2019utilisateur de faire d\u00e9marrer ses moteurs par des temp\u00e9ratures tr\u00e8s basses. Elle lui apporte \u00e9galement une \u00e9conomie de carburant non n\u00e9gligeable (jusqu\u2019\u00e0 2.0 % dans certains engins). La formulation sp\u00e9cifique \u00abLow-SAPS\u00bb de TOTAL RUBIA WORKS 4000 FE 10W-30 aide \u00e0 pr\u00e9venir le colmatage du filtre \u00e0 particules (FAP) et prolonge la durabilit\u00e9 du syst\u00e8me de post-traitement.  Voir la fiche technique : Cliquer ici","og_url":"https:\/\/www.groupepayant.fr\/webshop\/produit\/huile-haute-performance-total-208l-rubia-works-4000-10w30-vds4-5\/","og_site_name":"WEBSHOP Groupe PAYANT","article_publisher":"https:\/\/www.facebook.com\/GroupePayant\/","article_modified_time":"2026-04-28T06:16:31+00:00","og_image":[{"width":600,"height":600,"url":"https:\/\/www.groupepayant.fr\/webshop\/wp-content\/uploads\/2020\/09\/Huile-Haute-Performance-Total-208L-Rubia-Works-4000-10W30-VDS4.5.jpg","type":"image\/jpeg"}],"twitter_card":"summary_large_image","twitter_misc":{"Dur\u00e9e de lecture estim\u00e9e":"1 minute"},"schema":{"@context":"https:\/\/schema.org","@graph":[{"@type":"WebPage","@id":"https:\/\/www.groupepayant.fr\/webshop\/produit\/huile-haute-performance-total-208l-rubia-works-4000-10w30-vds4-5\/","url":"https:\/\/www.groupepayant.fr\/webshop\/produit\/huile-haute-performance-total-208l-rubia-works-4000-10w30-vds4-5\/","name":"Huile Haute Performance Total, 208L, Rubia Works 4000 10W30 VDS4.5 - WEBSHOP Groupe PAYANT","isPartOf":{"@id":"https:\/\/www.groupepayant.fr\/webshop\/#website"},"primaryImageOfPage":{"@id":"https:\/\/www.groupepayant.fr\/webshop\/produit\/huile-haute-performance-total-208l-rubia-works-4000-10w30-vds4-5\/#primaryimage"},"image":{"@id":"https:\/\/www.groupepayant.fr\/webshop\/produit\/huile-haute-performance-total-208l-rubia-works-4000-10w30-vds4-5\/#primaryimage"},"thumbnailUrl":"https:\/\/www.groupepayant.fr\/webshop\/wp-content\/uploads\/2020\/09\/Huile-Haute-Performance-Total-208L-Rubia-Works-4000-10W30-VDS4.5.jpg","datePublished":"2020-09-01T15:56:51+00:00","dateModified":"2026-04-28T06:16:31+00:00","breadcrumb":{"@id":"https:\/\/www.groupepayant.fr\/webshop\/produit\/huile-haute-performance-total-208l-rubia-works-4000-10w30-vds4-5\/#breadcrumb"},"inLanguage":"fr-FR","potentialAction":[{"@type":"ReadAction","target":["https:\/\/www.groupepayant.fr\/webshop\/produit\/huile-haute-performance-total-208l-rubia-works-4000-10w30-vds4-5\/"]}]},{"@type":"ImageObject","inLanguage":"fr-FR","@id":"https:\/\/www.groupepayant.fr\/webshop\/produit\/huile-haute-performance-total-208l-rubia-works-4000-10w30-vds4-5\/#primaryimage","url":"https:\/\/www.groupepayant.fr\/webshop\/wp-content\/uploads\/2020\/09\/Huile-Haute-Performance-Total-208L-Rubia-Works-4000-10W30-VDS4.5.jpg","contentUrl":"https:\/\/www.groupepayant.fr\/webshop\/wp-content\/uploads\/2020\/09\/Huile-Haute-Performance-Total-208L-Rubia-Works-4000-10W30-VDS4.5.jpg","width":600,"height":600,"caption":"Huile Haute Performance Total 208L Rubia Works 4000 10W30 VDS4.5"},{"@type":"BreadcrumbList","@id":"https:\/\/www.groupepayant.fr\/webshop\/produit\/huile-haute-performance-total-208l-rubia-works-4000-10w30-vds4-5\/#breadcrumb","itemListElement":[{"@type":"ListItem","position":1,"name":"Accueil","item":"https:\/\/www.groupepayant.fr\/webshop\/"},{"@type":"ListItem","position":2,"name":"Webshop","item":"https:\/\/www.groupepayant.fr\/webshop\/shop\/"},{"@type":"ListItem","position":3,"name":"Huile Haute Performance Total, 208L, Rubia Works 4000 10W30 VDS4.5"}]},{"@type":"WebSite","@id":"https:\/\/www.groupepayant.fr\/webshop\/#website","url":"https:\/\/www.groupepayant.fr\/webshop\/","name":"WEBSHOP Groupe PAYANT","description":"","publisher":{"@id":"https:\/\/www.groupepayant.fr\/webshop\/#organization"},"potentialAction":[{"@type":"SearchAction","target":{"@type":"EntryPoint","urlTemplate":"https:\/\/www.groupepayant.fr\/webshop\/?s={search_term_string}"},"query-input":{"@type":"PropertyValueSpecification","valueRequired":true,"valueName":"search_term_string"}}],"inLanguage":"fr-FR"},{"@type":"Organization","@id":"https:\/\/www.groupepayant.fr\/webshop\/#organization","name":"Webshop Groupe PAYANT","url":"https:\/\/www.groupepayant.fr\/webshop\/","logo":{"@type":"ImageObject","inLanguage":"fr-FR","@id":"https:\/\/www.groupepayant.fr\/webshop\/#\/schema\/logo\/image\/","url":"","contentUrl":"","caption":"Webshop Groupe PAYANT"},"image":{"@id":"https:\/\/www.groupepayant.fr\/webshop\/#\/schema\/logo\/image\/"},"sameAs":["https:\/\/www.facebook.com\/GroupePayant\/","https:\/\/www.linkedin.com\/company\/groupe-payant\/","https:\/\/www.youtube.com\/c\/GroupePAYANT","https:\/\/www.instagram.com\/groupepayant\/"]}]}},"builder_content":"<h2 style=\"margin-bottom: 0px; text-align: left;\">BESOIN D'AUTRES PI\u00c8CES&nbsp;?<\/h2>\n<p style=\"margin-bottom: 10px; text-align: center;\"><strong>Vous n'avez pas trouv\u00e9 la pi\u00e8ce qu'il vous faut sur notre webshop&nbsp;? Nous avons de nombreuses r\u00e9f\u00e9rences en stock, n'h\u00e9sitez pas \u00e0 nous contacter&nbsp;!<\/strong><\/p>\n<a href=\"https:\/\/www.groupepayant.fr\/service-magasins-pieces\/\" > Contacter un magasin <em><svg aria-hidden=\"true\"><use href=\"#tf-fas-arrow-right\"><\/use><\/svg><\/em> <\/a>\n<a href=\"https:\/\/www.groupepayant.fr\/service-magasins-pieces\/\"> <img src=\"https:\/\/www.groupepayant.fr\/webshop\/wp-content\/uploads\/2026\/01\/service-magasin-groupe-payant.webp\" title=\"Service magasins\/pi\u00e8ces - Groupe PAYANT\" alt=\"Service magasins\/pi\u00e8ces - Groupe PAYANT\" srcset=\"https:\/\/www.groupepayant.fr\/webshop\/wp-content\/uploads\/2026\/01\/service-magasin-groupe-payant.webp 1920w, https:\/\/www.groupepayant.fr\/webshop\/wp-content\/uploads\/2026\/01\/service-magasin-groupe-payant-300x94.webp 300w, https:\/\/www.groupepayant.fr\/webshop\/wp-content\/uploads\/2026\/01\/service-magasin-groupe-payant-1024x320.webp 1024w, https:\/\/www.groupepayant.fr\/webshop\/wp-content\/uploads\/2026\/01\/service-magasin-groupe-payant-768x240.webp 768w, https:\/\/www.groupepayant.fr\/webshop\/wp-content\/uploads\/2026\/01\/service-magasin-groupe-payant-1536x480.webp 1536w\" sizes=\"(max-width: 1920px) 100vw, 1920px\" \/> <\/a>","_links":{"self":[{"href":"https:\/\/www.groupepayant.fr\/webshop\/wp-json\/wp\/v2\/product\/14813","targetHints":{"allow":["GET"]}}],"collection":[{"href":"https:\/\/www.groupepayant.fr\/webshop\/wp-json\/wp\/v2\/product"}],"about":[{"href":"https:\/\/www.groupepayant.fr\/webshop\/wp-json\/wp\/v2\/types\/product"}],"replies":[{"embeddable":true,"href":"https:\/\/www.groupepayant.fr\/webshop\/wp-json\/wp\/v2\/comments?post=14813"}],"wp:featuredmedia":[{"embeddable":true,"href":"https:\/\/www.groupepayant.fr\/webshop\/wp-json\/wp\/v2\/media\/14820"}],"wp:attachment":[{"href":"https:\/\/www.groupepayant.fr\/webshop\/wp-json\/wp\/v2\/media?parent=14813"}],"wp:term":[{"taxonomy":"product_brand","embeddable":true,"href":"https:\/\/www.groupepayant.fr\/webshop\/wp-json\/wp\/v2\/product_brand?post=14813"},{"taxonomy":"product_cat","embeddable":true,"href":"https:\/\/www.groupepayant.fr\/webshop\/wp-json\/wp\/v2\/product_cat?post=14813"},{"taxonomy":"product_tag","embeddable":true,"href":"https:\/\/www.groupepayant.fr\/webshop\/wp-json\/wp\/v2\/product_tag?post=14813"}],"curies":[{"name":"wp","href":"https:\/\/api.w.org\/{rel}","templated":true}]}}