{"id":19580,"date":"2022-03-24T14:48:21","date_gmt":"2022-03-24T13:48:21","guid":{"rendered":"https:\/\/www.groupepayant.fr\/webshop\/?post_type=product&#038;p=19580"},"modified":"2026-05-06T15:48:49","modified_gmt":"2026-05-06T13:48:49","slug":"casquette-noire-logo-volvo","status":"publish","type":"product","link":"https:\/\/www.groupepayant.fr\/webshop\/produit\/casquette-noire-logo-volvo\/","title":{"rendered":"Casquette noire logo Volvo"},"content":{"rendered":"","protected":false},"excerpt":{"rendered":"<p>Casquette de tous les jours en toile organique, avec un imprim\u00e9 en caoutchouc 3D du nouveau logo Volvo sur le devant.<\/p>\n<p>\u2022 Dos \u00e0 boucle m\u00e9tallique r\u00e9gulatrice de taille avec logo Volvo poin\u00e7onn\u00e9<br \/>\n\u2022 Petit drapeau su\u00e9dois<\/p>\n<p style=\"font-size: 11px;\">GOTS &#8211; Norme mondiale de textile biologique. Les produits avec ce certificat doivent contenir au moins 70 % de fibres organiques et r\u00e9pondre \u00e0 des crit\u00e8res environnementaux, sociaux et toxicologiques stricts. Par exemple, les colorants, les auxiliaires et les accessoires sont tous pass\u00e9s au crible et les unit\u00e9s de traitement par voie humide doivent disposer d&rsquo;une station d&rsquo;\u00e9puration fonctionnelle. GOTS est la principale norme pour les textiles fabriqu\u00e9s \u00e0 partir de fibres organiques et une preuve claire que nos produits de haute qualit\u00e9 sont \u00e9galement fabriqu\u00e9s consciemment.<\/p>\n<p><img loading=\"lazy\" decoding=\"async\" class=\"aligncenter size-full wp-image-14236\" src=\"https:\/\/www.groupepayant.fr\/webshop\/wp-content\/uploads\/2021\/10\/logo-gots.png\" alt=\"Label Global Recycled Standard\" width=\"80\" height=\"80\" \/><\/p>\n","protected":false},"featured_media":19581,"comment_status":"closed","ping_status":"closed","template":"","meta":{"_monsterinsights_skip_tracking":false,"_monsterinsights_sitenote_active":false,"_monsterinsights_sitenote_note":"","_monsterinsights_sitenote_category":0},"product_brand":[1708],"product_cat":[266,269,285],"product_tag":[1203,1202,1201,1200,397],"class_list":{"0":"post-19580","1":"product","2":"type-product","3":"status-publish","4":"has-post-thumbnail","6":"product_brand-volvo","7":"product_cat-merchandising","8":"product_cat-textiles","9":"product_cat-textiles-volvo","10":"product_tag-casquette-logo-3d-volvo","11":"product_tag-casquette-noire-logo-3d-volvo","12":"product_tag-casquette-noire-logo-volvo","13":"product_tag-casquette-noire-volvo","14":"product_tag-casquette-volvo","16":"first","17":"instock","18":"taxable","19":"shipping-taxable","20":"purchasable","21":"product-type-simple"},"yoast_head":"<!-- This site is optimized with the Yoast SEO plugin v27.1.1 - https:\/\/yoast.com\/product\/yoast-seo-wordpress\/ -->\n<title>Casquette noire logo Volvo - WEBSHOP Groupe PAYANT<\/title>\n<meta name=\"robots\" content=\"index, follow, max-snippet:-1, max-image-preview:large, max-video-preview:-1\" \/>\n<link rel=\"canonical\" href=\"https:\/\/www.groupepayant.fr\/webshop\/produit\/casquette-noire-logo-volvo\/\" \/>\n<meta property=\"og:locale\" content=\"fr_FR\" \/>\n<meta property=\"og:type\" content=\"article\" \/>\n<meta property=\"og:title\" content=\"Casquette noire logo Volvo - WEBSHOP Groupe PAYANT\" \/>\n<meta property=\"og:description\" content=\"Casquette de tous les jours en toile organique, avec un imprim\u00e9 en caoutchouc 3D du nouveau logo Volvo sur le devant.  \u2022 Dos \u00e0 boucle m\u00e9tallique r\u00e9gulatrice de taille avec logo Volvo poin\u00e7onn\u00e9 \u2022 Petit drapeau su\u00e9dois GOTS - Norme mondiale de textile biologique. Les produits avec ce certificat doivent contenir au moins 70 % de fibres organiques et r\u00e9pondre \u00e0 des crit\u00e8res environnementaux, sociaux et toxicologiques stricts. Par exemple, les colorants, les auxiliaires et les accessoires sont tous pass\u00e9s au crible et les unit\u00e9s de traitement par voie humide doivent disposer d&#039;une station d&#039;\u00e9puration fonctionnelle. GOTS est la principale norme pour les textiles fabriqu\u00e9s \u00e0 partir de fibres organiques et une preuve claire que nos produits de haute qualit\u00e9 sont \u00e9galement fabriqu\u00e9s consciemment.\" \/>\n<meta property=\"og:url\" content=\"https:\/\/www.groupepayant.fr\/webshop\/produit\/casquette-noire-logo-volvo\/\" \/>\n<meta property=\"og:site_name\" content=\"WEBSHOP Groupe PAYANT\" \/>\n<meta property=\"article:publisher\" content=\"https:\/\/www.facebook.com\/GroupePayant\/\" \/>\n<meta property=\"article:modified_time\" content=\"2026-05-06T13:48:49+00:00\" \/>\n<meta property=\"og:image\" content=\"https:\/\/www.groupepayant.fr\/webshop\/wp-content\/uploads\/2022\/03\/casquette-noire-logo-Volvo-1.jpg\" \/>\n\t<meta property=\"og:image:width\" content=\"600\" \/>\n\t<meta property=\"og:image:height\" content=\"600\" \/>\n\t<meta property=\"og:image:type\" content=\"image\/jpeg\" \/>\n<meta name=\"twitter:card\" content=\"summary_large_image\" \/>\n<meta name=\"twitter:label1\" content=\"Dur\u00e9e de lecture estim\u00e9e\" \/>\n\t<meta name=\"twitter:data1\" content=\"1 minute\" \/>\n<script type=\"application\/ld+json\" class=\"yoast-schema-graph\">{\"@context\":\"https:\/\/schema.org\",\"@graph\":[{\"@type\":\"WebPage\",\"@id\":\"https:\/\/www.groupepayant.fr\/webshop\/produit\/casquette-noire-logo-volvo\/\",\"url\":\"https:\/\/www.groupepayant.fr\/webshop\/produit\/casquette-noire-logo-volvo\/\",\"name\":\"Casquette noire logo Volvo - WEBSHOP Groupe PAYANT\",\"isPartOf\":{\"@id\":\"https:\/\/www.groupepayant.fr\/webshop\/#website\"},\"primaryImageOfPage\":{\"@id\":\"https:\/\/www.groupepayant.fr\/webshop\/produit\/casquette-noire-logo-volvo\/#primaryimage\"},\"image\":{\"@id\":\"https:\/\/www.groupepayant.fr\/webshop\/produit\/casquette-noire-logo-volvo\/#primaryimage\"},\"thumbnailUrl\":\"https:\/\/www.groupepayant.fr\/webshop\/wp-content\/uploads\/2022\/03\/casquette-noire-logo-Volvo-1.jpg\",\"datePublished\":\"2022-03-24T13:48:21+00:00\",\"dateModified\":\"2026-05-06T13:48:49+00:00\",\"breadcrumb\":{\"@id\":\"https:\/\/www.groupepayant.fr\/webshop\/produit\/casquette-noire-logo-volvo\/#breadcrumb\"},\"inLanguage\":\"fr-FR\",\"potentialAction\":[{\"@type\":\"ReadAction\",\"target\":[\"https:\/\/www.groupepayant.fr\/webshop\/produit\/casquette-noire-logo-volvo\/\"]}]},{\"@type\":\"ImageObject\",\"inLanguage\":\"fr-FR\",\"@id\":\"https:\/\/www.groupepayant.fr\/webshop\/produit\/casquette-noire-logo-volvo\/#primaryimage\",\"url\":\"https:\/\/www.groupepayant.fr\/webshop\/wp-content\/uploads\/2022\/03\/casquette-noire-logo-Volvo-1.jpg\",\"contentUrl\":\"https:\/\/www.groupepayant.fr\/webshop\/wp-content\/uploads\/2022\/03\/casquette-noire-logo-Volvo-1.jpg\",\"width\":600,\"height\":600,\"caption\":\"Casquette noire logo Volvo\"},{\"@type\":\"BreadcrumbList\",\"@id\":\"https:\/\/www.groupepayant.fr\/webshop\/produit\/casquette-noire-logo-volvo\/#breadcrumb\",\"itemListElement\":[{\"@type\":\"ListItem\",\"position\":1,\"name\":\"Accueil\",\"item\":\"https:\/\/www.groupepayant.fr\/webshop\/\"},{\"@type\":\"ListItem\",\"position\":2,\"name\":\"Webshop\",\"item\":\"https:\/\/www.groupepayant.fr\/webshop\/shop\/\"},{\"@type\":\"ListItem\",\"position\":3,\"name\":\"Casquette noire logo Volvo\"}]},{\"@type\":\"WebSite\",\"@id\":\"https:\/\/www.groupepayant.fr\/webshop\/#website\",\"url\":\"https:\/\/www.groupepayant.fr\/webshop\/\",\"name\":\"WEBSHOP Groupe PAYANT\",\"description\":\"\",\"publisher\":{\"@id\":\"https:\/\/www.groupepayant.fr\/webshop\/#organization\"},\"potentialAction\":[{\"@type\":\"SearchAction\",\"target\":{\"@type\":\"EntryPoint\",\"urlTemplate\":\"https:\/\/www.groupepayant.fr\/webshop\/?s={search_term_string}\"},\"query-input\":{\"@type\":\"PropertyValueSpecification\",\"valueRequired\":true,\"valueName\":\"search_term_string\"}}],\"inLanguage\":\"fr-FR\"},{\"@type\":\"Organization\",\"@id\":\"https:\/\/www.groupepayant.fr\/webshop\/#organization\",\"name\":\"Webshop Groupe PAYANT\",\"url\":\"https:\/\/www.groupepayant.fr\/webshop\/\",\"logo\":{\"@type\":\"ImageObject\",\"inLanguage\":\"fr-FR\",\"@id\":\"https:\/\/www.groupepayant.fr\/webshop\/#\/schema\/logo\/image\/\",\"url\":\"\",\"contentUrl\":\"\",\"caption\":\"Webshop Groupe PAYANT\"},\"image\":{\"@id\":\"https:\/\/www.groupepayant.fr\/webshop\/#\/schema\/logo\/image\/\"},\"sameAs\":[\"https:\/\/www.facebook.com\/GroupePayant\/\",\"https:\/\/www.linkedin.com\/company\/groupe-payant\/\",\"https:\/\/www.youtube.com\/c\/GroupePAYANT\",\"https:\/\/www.instagram.com\/groupepayant\/\"]}]}<\/script>\n<!-- \/ Yoast SEO plugin. -->","yoast_head_json":{"title":"Casquette noire logo Volvo - WEBSHOP Groupe PAYANT","robots":{"index":"index","follow":"follow","max-snippet":"max-snippet:-1","max-image-preview":"max-image-preview:large","max-video-preview":"max-video-preview:-1"},"canonical":"https:\/\/www.groupepayant.fr\/webshop\/produit\/casquette-noire-logo-volvo\/","og_locale":"fr_FR","og_type":"article","og_title":"Casquette noire logo Volvo - WEBSHOP Groupe PAYANT","og_description":"Casquette de tous les jours en toile organique, avec un imprim\u00e9 en caoutchouc 3D du nouveau logo Volvo sur le devant.  \u2022 Dos \u00e0 boucle m\u00e9tallique r\u00e9gulatrice de taille avec logo Volvo poin\u00e7onn\u00e9 \u2022 Petit drapeau su\u00e9dois GOTS - Norme mondiale de textile biologique. Les produits avec ce certificat doivent contenir au moins 70 % de fibres organiques et r\u00e9pondre \u00e0 des crit\u00e8res environnementaux, sociaux et toxicologiques stricts. Par exemple, les colorants, les auxiliaires et les accessoires sont tous pass\u00e9s au crible et les unit\u00e9s de traitement par voie humide doivent disposer d'une station d'\u00e9puration fonctionnelle. GOTS est la principale norme pour les textiles fabriqu\u00e9s \u00e0 partir de fibres organiques et une preuve claire que nos produits de haute qualit\u00e9 sont \u00e9galement fabriqu\u00e9s consciemment.","og_url":"https:\/\/www.groupepayant.fr\/webshop\/produit\/casquette-noire-logo-volvo\/","og_site_name":"WEBSHOP Groupe PAYANT","article_publisher":"https:\/\/www.facebook.com\/GroupePayant\/","article_modified_time":"2026-05-06T13:48:49+00:00","og_image":[{"width":600,"height":600,"url":"https:\/\/www.groupepayant.fr\/webshop\/wp-content\/uploads\/2022\/03\/casquette-noire-logo-Volvo-1.jpg","type":"image\/jpeg"}],"twitter_card":"summary_large_image","twitter_misc":{"Dur\u00e9e de lecture estim\u00e9e":"1 minute"},"schema":{"@context":"https:\/\/schema.org","@graph":[{"@type":"WebPage","@id":"https:\/\/www.groupepayant.fr\/webshop\/produit\/casquette-noire-logo-volvo\/","url":"https:\/\/www.groupepayant.fr\/webshop\/produit\/casquette-noire-logo-volvo\/","name":"Casquette noire logo Volvo - WEBSHOP Groupe PAYANT","isPartOf":{"@id":"https:\/\/www.groupepayant.fr\/webshop\/#website"},"primaryImageOfPage":{"@id":"https:\/\/www.groupepayant.fr\/webshop\/produit\/casquette-noire-logo-volvo\/#primaryimage"},"image":{"@id":"https:\/\/www.groupepayant.fr\/webshop\/produit\/casquette-noire-logo-volvo\/#primaryimage"},"thumbnailUrl":"https:\/\/www.groupepayant.fr\/webshop\/wp-content\/uploads\/2022\/03\/casquette-noire-logo-Volvo-1.jpg","datePublished":"2022-03-24T13:48:21+00:00","dateModified":"2026-05-06T13:48:49+00:00","breadcrumb":{"@id":"https:\/\/www.groupepayant.fr\/webshop\/produit\/casquette-noire-logo-volvo\/#breadcrumb"},"inLanguage":"fr-FR","potentialAction":[{"@type":"ReadAction","target":["https:\/\/www.groupepayant.fr\/webshop\/produit\/casquette-noire-logo-volvo\/"]}]},{"@type":"ImageObject","inLanguage":"fr-FR","@id":"https:\/\/www.groupepayant.fr\/webshop\/produit\/casquette-noire-logo-volvo\/#primaryimage","url":"https:\/\/www.groupepayant.fr\/webshop\/wp-content\/uploads\/2022\/03\/casquette-noire-logo-Volvo-1.jpg","contentUrl":"https:\/\/www.groupepayant.fr\/webshop\/wp-content\/uploads\/2022\/03\/casquette-noire-logo-Volvo-1.jpg","width":600,"height":600,"caption":"Casquette noire logo Volvo"},{"@type":"BreadcrumbList","@id":"https:\/\/www.groupepayant.fr\/webshop\/produit\/casquette-noire-logo-volvo\/#breadcrumb","itemListElement":[{"@type":"ListItem","position":1,"name":"Accueil","item":"https:\/\/www.groupepayant.fr\/webshop\/"},{"@type":"ListItem","position":2,"name":"Webshop","item":"https:\/\/www.groupepayant.fr\/webshop\/shop\/"},{"@type":"ListItem","position":3,"name":"Casquette noire logo Volvo"}]},{"@type":"WebSite","@id":"https:\/\/www.groupepayant.fr\/webshop\/#website","url":"https:\/\/www.groupepayant.fr\/webshop\/","name":"WEBSHOP Groupe PAYANT","description":"","publisher":{"@id":"https:\/\/www.groupepayant.fr\/webshop\/#organization"},"potentialAction":[{"@type":"SearchAction","target":{"@type":"EntryPoint","urlTemplate":"https:\/\/www.groupepayant.fr\/webshop\/?s={search_term_string}"},"query-input":{"@type":"PropertyValueSpecification","valueRequired":true,"valueName":"search_term_string"}}],"inLanguage":"fr-FR"},{"@type":"Organization","@id":"https:\/\/www.groupepayant.fr\/webshop\/#organization","name":"Webshop Groupe PAYANT","url":"https:\/\/www.groupepayant.fr\/webshop\/","logo":{"@type":"ImageObject","inLanguage":"fr-FR","@id":"https:\/\/www.groupepayant.fr\/webshop\/#\/schema\/logo\/image\/","url":"","contentUrl":"","caption":"Webshop Groupe PAYANT"},"image":{"@id":"https:\/\/www.groupepayant.fr\/webshop\/#\/schema\/logo\/image\/"},"sameAs":["https:\/\/www.facebook.com\/GroupePayant\/","https:\/\/www.linkedin.com\/company\/groupe-payant\/","https:\/\/www.youtube.com\/c\/GroupePAYANT","https:\/\/www.instagram.com\/groupepayant\/"]}]}},"builder_content":"","_links":{"self":[{"href":"https:\/\/www.groupepayant.fr\/webshop\/wp-json\/wp\/v2\/product\/19580","targetHints":{"allow":["GET"]}}],"collection":[{"href":"https:\/\/www.groupepayant.fr\/webshop\/wp-json\/wp\/v2\/product"}],"about":[{"href":"https:\/\/www.groupepayant.fr\/webshop\/wp-json\/wp\/v2\/types\/product"}],"replies":[{"embeddable":true,"href":"https:\/\/www.groupepayant.fr\/webshop\/wp-json\/wp\/v2\/comments?post=19580"}],"wp:featuredmedia":[{"embeddable":true,"href":"https:\/\/www.groupepayant.fr\/webshop\/wp-json\/wp\/v2\/media\/19581"}],"wp:attachment":[{"href":"https:\/\/www.groupepayant.fr\/webshop\/wp-json\/wp\/v2\/media?parent=19580"}],"wp:term":[{"taxonomy":"product_brand","embeddable":true,"href":"https:\/\/www.groupepayant.fr\/webshop\/wp-json\/wp\/v2\/product_brand?post=19580"},{"taxonomy":"product_cat","embeddable":true,"href":"https:\/\/www.groupepayant.fr\/webshop\/wp-json\/wp\/v2\/product_cat?post=19580"},{"taxonomy":"product_tag","embeddable":true,"href":"https:\/\/www.groupepayant.fr\/webshop\/wp-json\/wp\/v2\/product_tag?post=19580"}],"curies":[{"name":"wp","href":"https:\/\/api.w.org\/{rel}","templated":true}]}}