{"id":26263,"date":"2026-03-23T09:57:03","date_gmt":"2026-03-23T08:57:03","guid":{"rendered":"https:\/\/www.groupepayant.fr\/webshop\/?post_type=product&#038;p=26263"},"modified":"2026-05-04T11:27:22","modified_gmt":"2026-05-04T09:27:22","slug":"sweat-a-capuche-volvo-gris","status":"publish","type":"product","link":"https:\/\/www.groupepayant.fr\/webshop\/produit\/sweat-a-capuche-volvo-gris\/","title":{"rendered":"Sweat \u00e0 Capuche VOLVO Gris"},"content":{"rendered":"<p>Sweat \u00e0 capuche gris Volvo Iron Mark \u2013 Certifi\u00e9 GOTS<\/p>\n<p>Restez au chaud avec style gr\u00e2ce \u00e0 ce sweat \u00e0 capuche \u00e9co-responsable, confectionn\u00e9 en coton biologique certifi\u00e9 GOTS. Orn\u00e9 des d\u00e9tails embl\u00e9matiques de Volvo, il allie confort et h\u00e9ritage scandinave \u00e0 la perfection.<\/p>\n<p>Ce sweat \u00e0 capuche gris polyvalent combine des mati\u00e8res durables et le logo Volvo bien visible : id\u00e9al au quotidien, pour se d\u00e9tendre \u00e0 la maison ou pour vos d\u00e9placements.<\/p>\n<p>Grand logo Volvo imprim\u00e9 au dos.<br \/>\nLogo Volvo discret sur la poitrine gauche.<br \/>\nD\u00e9tails gris fonc\u00e9 pour un style \u00e9l\u00e9gant.<br \/>\nDrapeau su\u00e9dois sur le c\u00f4t\u00e9 de la poche.<\/p>\n<p>100% Organic Cotton<\/p>\n","protected":false},"excerpt":{"rendered":"<p>Sweat \u00e0 capuche gris Volvo Iron Mark \u2013 Certifi\u00e9 GOTS Restez au chaud avec style gr\u00e2ce \u00e0 ce sweat \u00e0 capuche \u00e9co-responsable, confectionn\u00e9 en coton biologique certifi\u00e9 GOTS. Orn\u00e9 des d\u00e9tails embl\u00e9matiques de Volvo, il allie confort et h\u00e9ritage scandinave \u00e0 la perfection. Ce sweat \u00e0 capuche gris polyvalent combine des mati\u00e8res durables et le [&hellip;]<\/p>\n","protected":false},"featured_media":26269,"comment_status":"closed","ping_status":"closed","template":"","meta":{"_monsterinsights_skip_tracking":false,"_monsterinsights_sitenote_active":false,"_monsterinsights_sitenote_note":"","_monsterinsights_sitenote_category":0},"product_brand":[1708],"product_cat":[269,285],"product_tag":[207,1788,206,1787],"class_list":{"0":"post-26263","1":"product","2":"type-product","3":"status-publish","4":"has-post-thumbnail","6":"product_brand-volvo","7":"product_cat-textiles","8":"product_cat-textiles-volvo","9":"product_tag-capuche","10":"product_tag-hoodie","11":"product_tag-sweat","12":"product_tag-zippe","14":"first","15":"instock","16":"taxable","17":"shipping-taxable","18":"purchasable","19":"product-type-variable"},"yoast_head":"<!-- This site is optimized with the Yoast SEO plugin v27.1.1 - https:\/\/yoast.com\/product\/yoast-seo-wordpress\/ -->\n<title>Sweat \u00e0 Capuche VOLVO Gris - WEBSHOP Groupe PAYANT<\/title>\n<meta name=\"robots\" content=\"index, follow, max-snippet:-1, max-image-preview:large, max-video-preview:-1\" \/>\n<link rel=\"canonical\" href=\"https:\/\/www.groupepayant.fr\/webshop\/produit\/sweat-a-capuche-volvo-gris\/\" \/>\n<meta property=\"og:locale\" content=\"fr_FR\" \/>\n<meta property=\"og:type\" content=\"article\" \/>\n<meta property=\"og:title\" content=\"Sweat \u00e0 Capuche VOLVO Gris - WEBSHOP Groupe PAYANT\" \/>\n<meta property=\"og:description\" content=\"Sweat \u00e0 capuche gris Volvo Iron Mark \u2013 Certifi\u00e9 GOTS Restez au chaud avec style gr\u00e2ce \u00e0 ce sweat \u00e0 capuche \u00e9co-responsable, confectionn\u00e9 en coton biologique certifi\u00e9 GOTS. Orn\u00e9 des d\u00e9tails embl\u00e9matiques de Volvo, il allie confort et h\u00e9ritage scandinave \u00e0 la perfection. Ce sweat \u00e0 capuche gris polyvalent combine des mati\u00e8res durables et le [&hellip;]\" \/>\n<meta property=\"og:url\" content=\"https:\/\/www.groupepayant.fr\/webshop\/produit\/sweat-a-capuche-volvo-gris\/\" \/>\n<meta property=\"og:site_name\" content=\"WEBSHOP Groupe PAYANT\" \/>\n<meta property=\"article:publisher\" content=\"https:\/\/www.facebook.com\/GroupePayant\/\" \/>\n<meta property=\"article:modified_time\" content=\"2026-05-04T09:27:22+00:00\" \/>\n<meta property=\"og:image\" content=\"https:\/\/www.groupepayant.fr\/webshop\/wp-content\/uploads\/2026\/03\/114065-1-scaled.jpg\" \/>\n\t<meta property=\"og:image:width\" content=\"2560\" \/>\n\t<meta property=\"og:image:height\" content=\"2560\" \/>\n\t<meta property=\"og:image:type\" content=\"image\/jpeg\" \/>\n<meta name=\"twitter:card\" content=\"summary_large_image\" \/>\n<meta name=\"twitter:label1\" content=\"Dur\u00e9e de lecture estim\u00e9e\" \/>\n\t<meta name=\"twitter:data1\" content=\"1 minute\" \/>\n<script type=\"application\/ld+json\" class=\"yoast-schema-graph\">{\"@context\":\"https:\/\/schema.org\",\"@graph\":[{\"@type\":\"WebPage\",\"@id\":\"https:\/\/www.groupepayant.fr\/webshop\/produit\/sweat-a-capuche-volvo-gris\/\",\"url\":\"https:\/\/www.groupepayant.fr\/webshop\/produit\/sweat-a-capuche-volvo-gris\/\",\"name\":\"Sweat \u00e0 Capuche VOLVO Gris - WEBSHOP Groupe PAYANT\",\"isPartOf\":{\"@id\":\"https:\/\/www.groupepayant.fr\/webshop\/#website\"},\"primaryImageOfPage\":{\"@id\":\"https:\/\/www.groupepayant.fr\/webshop\/produit\/sweat-a-capuche-volvo-gris\/#primaryimage\"},\"image\":{\"@id\":\"https:\/\/www.groupepayant.fr\/webshop\/produit\/sweat-a-capuche-volvo-gris\/#primaryimage\"},\"thumbnailUrl\":\"https:\/\/www.groupepayant.fr\/webshop\/wp-content\/uploads\/2026\/03\/114065-1-scaled.jpg\",\"datePublished\":\"2026-03-23T08:57:03+00:00\",\"dateModified\":\"2026-05-04T09:27:22+00:00\",\"breadcrumb\":{\"@id\":\"https:\/\/www.groupepayant.fr\/webshop\/produit\/sweat-a-capuche-volvo-gris\/#breadcrumb\"},\"inLanguage\":\"fr-FR\",\"potentialAction\":[{\"@type\":\"ReadAction\",\"target\":[\"https:\/\/www.groupepayant.fr\/webshop\/produit\/sweat-a-capuche-volvo-gris\/\"]}]},{\"@type\":\"ImageObject\",\"inLanguage\":\"fr-FR\",\"@id\":\"https:\/\/www.groupepayant.fr\/webshop\/produit\/sweat-a-capuche-volvo-gris\/#primaryimage\",\"url\":\"https:\/\/www.groupepayant.fr\/webshop\/wp-content\/uploads\/2026\/03\/114065-1-scaled.jpg\",\"contentUrl\":\"https:\/\/www.groupepayant.fr\/webshop\/wp-content\/uploads\/2026\/03\/114065-1-scaled.jpg\",\"width\":2560,\"height\":2560},{\"@type\":\"BreadcrumbList\",\"@id\":\"https:\/\/www.groupepayant.fr\/webshop\/produit\/sweat-a-capuche-volvo-gris\/#breadcrumb\",\"itemListElement\":[{\"@type\":\"ListItem\",\"position\":1,\"name\":\"Accueil\",\"item\":\"https:\/\/www.groupepayant.fr\/webshop\/\"},{\"@type\":\"ListItem\",\"position\":2,\"name\":\"Webshop\",\"item\":\"https:\/\/www.groupepayant.fr\/webshop\/shop\/\"},{\"@type\":\"ListItem\",\"position\":3,\"name\":\"Sweat \u00e0 Capuche VOLVO Gris\"}]},{\"@type\":\"WebSite\",\"@id\":\"https:\/\/www.groupepayant.fr\/webshop\/#website\",\"url\":\"https:\/\/www.groupepayant.fr\/webshop\/\",\"name\":\"WEBSHOP Groupe PAYANT\",\"description\":\"\",\"publisher\":{\"@id\":\"https:\/\/www.groupepayant.fr\/webshop\/#organization\"},\"potentialAction\":[{\"@type\":\"SearchAction\",\"target\":{\"@type\":\"EntryPoint\",\"urlTemplate\":\"https:\/\/www.groupepayant.fr\/webshop\/?s={search_term_string}\"},\"query-input\":{\"@type\":\"PropertyValueSpecification\",\"valueRequired\":true,\"valueName\":\"search_term_string\"}}],\"inLanguage\":\"fr-FR\"},{\"@type\":\"Organization\",\"@id\":\"https:\/\/www.groupepayant.fr\/webshop\/#organization\",\"name\":\"Webshop Groupe PAYANT\",\"url\":\"https:\/\/www.groupepayant.fr\/webshop\/\",\"logo\":{\"@type\":\"ImageObject\",\"inLanguage\":\"fr-FR\",\"@id\":\"https:\/\/www.groupepayant.fr\/webshop\/#\/schema\/logo\/image\/\",\"url\":\"\",\"contentUrl\":\"\",\"caption\":\"Webshop Groupe PAYANT\"},\"image\":{\"@id\":\"https:\/\/www.groupepayant.fr\/webshop\/#\/schema\/logo\/image\/\"},\"sameAs\":[\"https:\/\/www.facebook.com\/GroupePayant\/\",\"https:\/\/www.linkedin.com\/company\/groupe-payant\/\",\"https:\/\/www.youtube.com\/c\/GroupePAYANT\",\"https:\/\/www.instagram.com\/groupepayant\/\"]}]}<\/script>\n<!-- \/ Yoast SEO plugin. -->","yoast_head_json":{"title":"Sweat \u00e0 Capuche VOLVO Gris - WEBSHOP Groupe PAYANT","robots":{"index":"index","follow":"follow","max-snippet":"max-snippet:-1","max-image-preview":"max-image-preview:large","max-video-preview":"max-video-preview:-1"},"canonical":"https:\/\/www.groupepayant.fr\/webshop\/produit\/sweat-a-capuche-volvo-gris\/","og_locale":"fr_FR","og_type":"article","og_title":"Sweat \u00e0 Capuche VOLVO Gris - WEBSHOP Groupe PAYANT","og_description":"Sweat \u00e0 capuche gris Volvo Iron Mark \u2013 Certifi\u00e9 GOTS Restez au chaud avec style gr\u00e2ce \u00e0 ce sweat \u00e0 capuche \u00e9co-responsable, confectionn\u00e9 en coton biologique certifi\u00e9 GOTS. Orn\u00e9 des d\u00e9tails embl\u00e9matiques de Volvo, il allie confort et h\u00e9ritage scandinave \u00e0 la perfection. Ce sweat \u00e0 capuche gris polyvalent combine des mati\u00e8res durables et le [&hellip;]","og_url":"https:\/\/www.groupepayant.fr\/webshop\/produit\/sweat-a-capuche-volvo-gris\/","og_site_name":"WEBSHOP Groupe PAYANT","article_publisher":"https:\/\/www.facebook.com\/GroupePayant\/","article_modified_time":"2026-05-04T09:27:22+00:00","og_image":[{"width":2560,"height":2560,"url":"https:\/\/www.groupepayant.fr\/webshop\/wp-content\/uploads\/2026\/03\/114065-1-scaled.jpg","type":"image\/jpeg"}],"twitter_card":"summary_large_image","twitter_misc":{"Dur\u00e9e de lecture estim\u00e9e":"1 minute"},"schema":{"@context":"https:\/\/schema.org","@graph":[{"@type":"WebPage","@id":"https:\/\/www.groupepayant.fr\/webshop\/produit\/sweat-a-capuche-volvo-gris\/","url":"https:\/\/www.groupepayant.fr\/webshop\/produit\/sweat-a-capuche-volvo-gris\/","name":"Sweat \u00e0 Capuche VOLVO Gris - WEBSHOP Groupe PAYANT","isPartOf":{"@id":"https:\/\/www.groupepayant.fr\/webshop\/#website"},"primaryImageOfPage":{"@id":"https:\/\/www.groupepayant.fr\/webshop\/produit\/sweat-a-capuche-volvo-gris\/#primaryimage"},"image":{"@id":"https:\/\/www.groupepayant.fr\/webshop\/produit\/sweat-a-capuche-volvo-gris\/#primaryimage"},"thumbnailUrl":"https:\/\/www.groupepayant.fr\/webshop\/wp-content\/uploads\/2026\/03\/114065-1-scaled.jpg","datePublished":"2026-03-23T08:57:03+00:00","dateModified":"2026-05-04T09:27:22+00:00","breadcrumb":{"@id":"https:\/\/www.groupepayant.fr\/webshop\/produit\/sweat-a-capuche-volvo-gris\/#breadcrumb"},"inLanguage":"fr-FR","potentialAction":[{"@type":"ReadAction","target":["https:\/\/www.groupepayant.fr\/webshop\/produit\/sweat-a-capuche-volvo-gris\/"]}]},{"@type":"ImageObject","inLanguage":"fr-FR","@id":"https:\/\/www.groupepayant.fr\/webshop\/produit\/sweat-a-capuche-volvo-gris\/#primaryimage","url":"https:\/\/www.groupepayant.fr\/webshop\/wp-content\/uploads\/2026\/03\/114065-1-scaled.jpg","contentUrl":"https:\/\/www.groupepayant.fr\/webshop\/wp-content\/uploads\/2026\/03\/114065-1-scaled.jpg","width":2560,"height":2560},{"@type":"BreadcrumbList","@id":"https:\/\/www.groupepayant.fr\/webshop\/produit\/sweat-a-capuche-volvo-gris\/#breadcrumb","itemListElement":[{"@type":"ListItem","position":1,"name":"Accueil","item":"https:\/\/www.groupepayant.fr\/webshop\/"},{"@type":"ListItem","position":2,"name":"Webshop","item":"https:\/\/www.groupepayant.fr\/webshop\/shop\/"},{"@type":"ListItem","position":3,"name":"Sweat \u00e0 Capuche VOLVO Gris"}]},{"@type":"WebSite","@id":"https:\/\/www.groupepayant.fr\/webshop\/#website","url":"https:\/\/www.groupepayant.fr\/webshop\/","name":"WEBSHOP Groupe PAYANT","description":"","publisher":{"@id":"https:\/\/www.groupepayant.fr\/webshop\/#organization"},"potentialAction":[{"@type":"SearchAction","target":{"@type":"EntryPoint","urlTemplate":"https:\/\/www.groupepayant.fr\/webshop\/?s={search_term_string}"},"query-input":{"@type":"PropertyValueSpecification","valueRequired":true,"valueName":"search_term_string"}}],"inLanguage":"fr-FR"},{"@type":"Organization","@id":"https:\/\/www.groupepayant.fr\/webshop\/#organization","name":"Webshop Groupe PAYANT","url":"https:\/\/www.groupepayant.fr\/webshop\/","logo":{"@type":"ImageObject","inLanguage":"fr-FR","@id":"https:\/\/www.groupepayant.fr\/webshop\/#\/schema\/logo\/image\/","url":"","contentUrl":"","caption":"Webshop Groupe PAYANT"},"image":{"@id":"https:\/\/www.groupepayant.fr\/webshop\/#\/schema\/logo\/image\/"},"sameAs":["https:\/\/www.facebook.com\/GroupePayant\/","https:\/\/www.linkedin.com\/company\/groupe-payant\/","https:\/\/www.youtube.com\/c\/GroupePAYANT","https:\/\/www.instagram.com\/groupepayant\/"]}]}},"builder_content":"","_links":{"self":[{"href":"https:\/\/www.groupepayant.fr\/webshop\/wp-json\/wp\/v2\/product\/26263","targetHints":{"allow":["GET"]}}],"collection":[{"href":"https:\/\/www.groupepayant.fr\/webshop\/wp-json\/wp\/v2\/product"}],"about":[{"href":"https:\/\/www.groupepayant.fr\/webshop\/wp-json\/wp\/v2\/types\/product"}],"replies":[{"embeddable":true,"href":"https:\/\/www.groupepayant.fr\/webshop\/wp-json\/wp\/v2\/comments?post=26263"}],"wp:featuredmedia":[{"embeddable":true,"href":"https:\/\/www.groupepayant.fr\/webshop\/wp-json\/wp\/v2\/media\/26269"}],"wp:attachment":[{"href":"https:\/\/www.groupepayant.fr\/webshop\/wp-json\/wp\/v2\/media?parent=26263"}],"wp:term":[{"taxonomy":"product_brand","embeddable":true,"href":"https:\/\/www.groupepayant.fr\/webshop\/wp-json\/wp\/v2\/product_brand?post=26263"},{"taxonomy":"product_cat","embeddable":true,"href":"https:\/\/www.groupepayant.fr\/webshop\/wp-json\/wp\/v2\/product_cat?post=26263"},{"taxonomy":"product_tag","embeddable":true,"href":"https:\/\/www.groupepayant.fr\/webshop\/wp-json\/wp\/v2\/product_tag?post=26263"}],"curies":[{"name":"wp","href":"https:\/\/api.w.org\/{rel}","templated":true}]}}